0 = -4*y + q + 77. What is the highest common factor of p and y?
10
Let w be -1 + 12 + -1 + 2. Let p = -16 + 10. Let c = 0 - p. Calculate the greatest common divisor of w and c.
6
Suppose 7*y - 6 = 4*y. Suppose 4*u = m + 90, 3*u - 19 - 45 = -m. Calculate the greatest common factor of y and u.
2
Let h(n) = 64*n**2 + 4*n - 3. Let y be h(1). Calculate the highest common divisor of 26 and y.
13
Let a = 865 + -313. Suppose 5*d = a - 127. What is the highest common divisor of 17 and d?
17
Suppose -v - 3 - 2 = 0. Let u be 6/v*(-120)/8. Let l = u - 13. What is the greatest common factor of 5 and l?
5
Let l(b) be the third derivative of b**5/60 - 7*b**4/24 + 5*b**3/3 - 6*b**2. Let y be l(7). What is the highest common factor of y and 10?
10
Let v(j) = 113*j**3 - 2*j**2 + 1. Let f be v(1). What is the highest common divisor of 14 and f?
14
Suppose -4*y = -2*k - 2, 6 = -3*y + 2*k + k. Let w be 40/(-15) - (-2)/y. Let u be (-4)/w*18/4. What is the highest common factor of u and 81?
9
Suppose -19 - 23 = -3*g. Let p be (56/(-48))/((-25)/6 + 4). What is the highest common factor of p and g?
7
Let l = -14 - -19. Suppose -5*v = 5*m - 40, -m = 3*m + l*v - 34. Calculate the greatest common divisor of 66 and m.
6
Let m(n) be the second derivative of -n**5/10 + n**4/6 + n**3/6 + 3*n. Let r be m(-1). What is the highest common factor of 9 and r?
3
Suppose 9*l = 12*l - 21. Let k be 21/2*20/6. Calculate the greatest common divisor of l and k.
7
Let n be (-1)/(-2) + 23/2. Let o(f) = -f**3 + 58*f**2 + 123*f - 156. Let z be o(60). Calculate the highest common factor of z and n.
12
Let g = 58 - 28. Suppose 6 + 3 = 3*p. Suppose 0 = -p*a - 3, 4*t - 22 = a - 3*a. Calculate the greatest common factor of g and t.
6
Suppose 3*c - 2*d = 149, 5*c + 6*d - 261 = 3*d. Suppose -53 = 3*v - 5*v + 5*q, -v - 3*q + 43 = 0. What is the highest common factor of v and c?
17
Suppose -u = 4*u + 5, -5*l - 3*u = -87. Suppose 4*i - 10 = h, h - 2*h = 2*i - 20. Let x = l - h. What is the greatest common factor of 56 and x?
8
Let b(n) = -3*n - 12. Let h be b(-12). Calculate the highest common factor of h and 24.
24
Suppose 6 = -4*m + m. Let u = 2 + m. Suppose u = 3*g + g - 80. What is the highest common factor of 50 and g?
10
Suppose -2*t + t = 0. Suppose t = -5*w - c + 379, -4*w - c + 75 = -3*w. What is the highest common factor of 19 and w?
19
Suppose -j + 26 = -2*j. Let g be -2 + (-2)/(4/j). Calculate the highest common divisor of 77 and g.
11
Let y = 114 + -80. What is the greatest common divisor of y and 85?
17
Suppose 9 = 2*h - 3. What is the greatest common divisor of 2 and h?
2
Suppose 0*c - 3*c + 15 = 0. Suppose 8*q + 63 = c*q. Let f be 10/14 - 6/q. Calculate the highest common factor of 1 and f.
1
Let z be 3/((-6)/(-8)*1). Suppose -y = z*w + 12, -3*y - 5*w + w - 20 = 0. Let t = 6 + y. What is the highest common divisor of 14 and t?
2
Suppose o + 128 = 6*o - c, 2*o + 4*c = 38. Suppose 5*u = 40 + o. Calculate the greatest common factor of u and 143.
13
Suppose -3*g + 20 + 26 = r, -5*g - r = -76. Suppose -2*z + g = -3. What is the greatest common factor of 6 and z?
3
Let n = -36 + 19. Let h = n - -26. What is the greatest common divisor of 27 and h?
9
Let d = -12 + 20. Let u = 13 - d. Suppose -u*c + 4 = -5*h + 14, 3*c = 0. What is the greatest common factor of h and 16?
2
Let s = 11 - -14. Let z = s - 13. What is the highest common factor of 4 and z?
4
Let l be -6*(15/(-2))/5. What is the greatest common factor of 45 and l?
9
Let f be (42/(-9))/((-2)/3). Calculate the highest common divisor of 63 and f.
7
Suppose -l + 4*q = l - 72, 5*l + 4*q = 180. Calculate the highest common factor of l and 9.
9
Suppose c + c - 3*w + 6 = 0, 0 = -c - w + 7. Suppose v = c*v - 38. Calculate the greatest common divisor of 171 and v.
19
Suppose 121 = g - 119. Suppose -s = 4*c - 100, c - 16 = -4*s + 24. What is the greatest common factor of c and g?
24
Suppose -5*m = -2*m - 252. Calculate the greatest common divisor of m and 14.
14
Let s be (4/(-10))/(5/150*-1). Calculate the highest common divisor of s and 48.
12
Let h(p) = -50*p**2 - 2*p - 1. Let b be h(-2). Let z = b + 302. What is the greatest common divisor of 21 and z?
21
Let h = 10 - 5. Suppose -1 - 9 = -h*l. Calculate the highest common divisor of 10 and l.
2
Suppose -96 = 2*c - 258. Let p = c - 36. Let t be (-3)/(-2) - p/(-6). Calculate the greatest common divisor of t and 72.
9
Suppose -o + 3*q = 5 - 1, 0 = o - 5*q. Let v be (-6)/15 + (-124)/o. Let p = 256 - 136. What is the highest common factor of p and v?
12
Let p(w) be the first derivative of -w**4/4 - 13*w**3/3 + 6*w**2 - 17*w + 2. Let j be p(-14). What is the greatest common divisor of 11 and j?
11
Suppose -2*m + 5 + 15 = 0. Suppose -h + 2 + m = 2*r, 12 = 2*h - 2*r. Calculate the greatest common divisor of h and 32.
8
Let o = -22 + 32. What is the highest common divisor of o and 5?
5
Let z(h) = h**3 + 7*h**2 + 4*h - 8. Let i be z(-6). Suppose 5*w - 15 = 0, -2*k + 21 = 11*w - 8*w. Calculate the highest common factor of i and k.
2
Let r = -19 - -23. Suppose -2*b = 3*b - 180. Calculate the highest common divisor of b and r.
4
Suppose 4*w + 22 - 162 = 0. Suppose 0 = -3*o - 5 + 26. Calculate the highest common divisor of o and w.
7
Suppose -275 = -10*y + 9*y. Calculate the greatest common divisor of 25 and y.
25
Suppose -14*k + 150 = -9*k. What is the greatest common divisor of k and 50?
10
Let u be 20/15*(-57)/2. Let l = 59 + u. What is the highest common factor of 14 and l?
7
Suppose -2*b = -b - 20. What is the highest common factor of b and 4?
4
Let w = 17 + -8. Let r(p) = -p + 12. Let o be r(w). Suppose 150 = o*s + 2*s. Calculate the highest common divisor of 5 and s.
5
Suppose 0*g - 2*g = 4. Let i be (g/(-2))/(-3 + 2). Let y be 2*i/2*-17. Calculate the highest common factor of 17 and y.
17
Suppose 0 = -5*h + 3*p + 169, -2*h + 73 + 3 = 3*p. Calculate the greatest common factor of h and 35.
35
Let t be 25/100 + 990/8. Calculate the greatest common divisor of 31 and t.
31
Suppose -24 = -2*y + g, -4*g - 5 + 21 = 0. Calculate the greatest common factor of 14 and y.
14
Suppose -5*t = -3*k - 61, 4*t = -2*k + 5*k + 50. Suppose 4*m = 16, y = -y - 3*m + 34. Calculate the greatest common divisor of t and y.
11
Suppose 9 = -0*m + 3*m. Let i be 4/10 + 112/20. What is the highest common divisor of m and i?
3
Let j(b) = 2*b + 6. Let v = 13 + -3. Let f be j(v). Calculate the highest common divisor of f and 65.
13
Suppose -32 = -4*b + 4. Let v = 15 - -12. Calculate the highest common factor of v and b.
9
Let d = -65 + 78. Suppose 3*s + 2*a = 156, 4*s = -0*a - 3*a + 208. What is the greatest common factor of d and s?
13
Suppose 15*v - 8 = 277. Let g be (-3)/6 - (-39)/2. Calculate the highest common factor of v and g.
19
Suppose -110 = -4*z + 50. Let k(s) = -s**3 - s**2 + 60. Let a be k(0). What is the greatest common factor of z and a?
20
Suppose -5*c + 3*c - 5*p = 29, -4*c = -4*p - 12. Let o be 7 - 2 - 2/c. Calculate the highest common divisor of 2 and o.
2
Let f = -326 + 212. Let a = 214 + f. Calculate the greatest common factor of 40 and a.
20
Suppose 0 = -7*u - 6 + 27. Calculate the greatest common divisor of 18 and u.
3
Let x(v) = -v. Let u be x(-5). Suppose -3*p + 0*p = -5*r + 62, u*r - 4*p - 66 = 0. What is the greatest common factor of 25 and r?
5
Let c be 10/(1 + (0 - -1)). What is the greatest common factor of 5 and c?
5
Let j = -17 + 29. Calculate the greatest common divisor of j and 84.
12
Suppose -4*u + 7*u = 21. Let m be ((-1)/(-3))/(3/63). Calculate the highest common divisor of u and m.
7
Let y(s) = -s**3 - 5*s**2 + 4*s - 7. Let c be y(-6). Suppose 0 = -u + c*u - 96. Calculate the greatest common divisor of 16 and u.
8
Suppose -1 = 3*a + 14, 36 = i - 3*a. What is the greatest common factor of 42 and i?
21
Let i(s) = 39*s - 51. Let y(p) = -4*p + 5. Let n be (1*3)/(12/8). Let g(q) = n*i(q) + 21*y(q). Let j be g(-7). Calculate the greatest common divisor of 9 and j.
9
Let w(b) = b**3 + 2*b**2 - 4*b + 3. Let q be w(2). Let u be -1 - (1 + 1 + -65). Let s = u + -18. What is the highest common divisor of q and s?
11
Suppose 4*s + 1015 = 3*m, 8*m - 3*m = -2*s + 1735. Let g be ((-4)/3)/((-10)/m). What is the highest common divisor of g and 23?
23
Suppose 2*i + 1 = 9. Let y = -1 - -9. Let g be (4/y)/(3/7